 what is 22643 + -132?
22511
In base 15, what is -670 - 6?
-676
In base 10, what is 5 + 6779?
6784
In base 7, what is 2 + -123311?
-123306
In base 10, what is 2491 + 248?
2739
In base 4, what is -1100 - 203?
-1303
In base 11, what is -251a5 - 3?
-251a8
In base 12, what is -11 - -241a?
2409
In base 14, what is ca4 + -11?
c93
In base 7, what is -221626 + -12?
-221641
In base 4, what is 1200 + 2030?
3230
In base 11, what is -2 - -3a835?
3a833
In base 3, what is 1011021221 - -1121?
1011100112
In base 16, what is -bff - -75?
-b8a
In base 3, what is 122122200 + -110?
122122020
In base 14, what is d0 + -2793?
-26a3
In base 9, what is 27323 + -71?
27242
In base 4, what is 3232033 + -102?
3231331
In base 14, what is 1 - -6812?
6813
In base 10, what is -6520 + 49?
-6471
In base 16, what is -6 - -8ca?
8c4
In base 12, what is -10 - 4a981?
-4a991
In base 15, what is -56015 - -1?
-56014
In base 15, what is -1 - -6add0?
6adce
In base 5, what is -343412 + 4?
-343403
In base 12, what is -a - -30194?
30186
In base 14, what is 12 + 2105?
2117
In base 3, what is 111 - 11111102?
-11110221
In base 4, what is -31 - -10102?
10011
In base 12, what is 11 - 5225?
-5214
In base 4, what is -231003 + -103?
-231112
In base 10, what is -5 - -7165?
7160
In base 3, what is 122110200 + 11220?
122122120
In base 7, what is -2321465 + 32?
-2321433
In base 14, what is 50ba - -a?
50c6
In base 2, what is -101001100100 + -101001?
-101010001101
In base 14, what is -133c8 + 7?
-133c1
In base 9, what is -24081 - 0?
-24081
In base 15, what is -b30 - 22?
-b52
In base 9, what is 168 + -833?
-654
In base 10, what is -4 + 4605?
4601
In base 16, what is 4 - -d8?
dc
In base 4, what is 3131113 - -30?
3131203
In base 11, what is aa49a - -37?
aa526
In base 5, what is 2402 + -233032?
-230130
In base 12, what is 29382 - 2?
29380
In base 9, what is 4 + 1037677?
1037682
In base 12, what is -414 - -12?
-402
In base 7, what is 6 + 1365?
1404
In base 2, what is 1110110010010 - -1?
1110110010011
In base 7, what is 356 + -2625?
-2236
In base 9, what is -8285 - -5?
-8280
In base 2, what is -100001110 + 1110111?
-10010111
In base 2, what is 100 - 1000101011110?
-1000101011010
In base 8, what is 2776 + 17?
3015
In base 8, what is -61 + -1560?
-1641
In base 15, what is -2 + 65ac?
65aa
In base 5, what is -130 - -1242013?
1241333
In base 11, what is 118995 + -2?
118993
In base 3, what is 2210210112 - 10?
2210210102
In base 14, what is 3 + -26303?
-26300
In base 9, what is 2 + -2284?
-2282
In base 3, what is 10 + 111110010?
111110020
In base 13, what is 2 + -4bc40?
-4bc3b
In base 15, what is -2 - -a7493?
a7491
In base 3, what is 10 - 11121020221?
-11121020211
In base 6, what is -3143221 - -1?
-3143220
In base 13, what is -18ac4 + -2?
-18ac6
In base 10, what is 26 + -266?
-240
In base 2, what is 1100 + 101001011111101?
101001100001001
In base 7, what is -5 + -25455?
-25463
In base 5, what is -200041 + 211?
-144330
In base 11, what is -106a - 45?
-1104
In base 13, what is -1023b + 140?
-100cb
In base 8, what is -430 + -762?
-1412
In base 3, what is 10020011 + -11?
10020000
In base 11, what is -2 - 79721?
-79723
In base 16, what is 4e + -29c7?
-2979
In base 6, what is -3 + -10141014?
-10141021
In base 14, what is 1c - -1ad?
1cb
In base 7, what is -111 - -2124?
2013
In base 15, what is -6c349 - 0?
-6c349
In base 14, what is 525 - -1cd?
714
In base 5, what is 0 - 31414314?
-31414314
In base 6, what is 550 + -5025?
-4035
In base 13, what is 138843 - 3?
138840
In base 15, what is -d - 325a?
-3268
In base 14, what is 2 - 2750?
-274c
In base 14, what is -1c - 5da?
-618
In base 11, what is 2a2 + -432?
-140
In base 4, what is -2331202232 - -3?
-2331202223
In base 11, what is -1199 - 28a?
-1478
In base 10, what is 5073 + 1?
5074
In base 10, what is 4 + -60961?
-60957
In base 10, what is 164 + 13057?
13221
In base 15, what is ee0 + -8?
ed7
In base 12, what is 7a0 - 2a5?
4b7
In base 10, what is -3 - 1224884?
-1224887
In base 11, what is 268 - 7426?
-7169
In base 10, what is -5 + 679407?
679402
In base 10, what is -10 + 5510?
5500
In base 7, what is -14 - 15122?
-15136
In base 4, what is -1001 - -32230?
31223
In base 12, what is 33 - -2a8?
31b
In base 4, what is -21033030 - -1?
-21033023
In base 3, what is -222121022 + -12122?
-222210221
In base 5, what is 1224 - -1114?
2343
In base 12, what is 28010 + 8?
28018
In base 8, what is -4 - 243672?
-243676
In base 9, what is 457 + -270?
177
In base 13, what is 5 - 74c7?
-74c2
In base 15, what is -568 - -6?
-562
In base 12, what is 6ba - 1a2?
518
In base 9, what is -75 + -445?
-531
In base 3, what is 1 - 10122212111?
-10122212110
In base 12, what is 1b06 - -92?
1b98
In base 6, what is -3 - 45223021?
-45223024
In base 15, what is de10 - -4?
de14
In base 5, what is 343010 - 13?
342442
In base 11, what is -185831 - -3?
-185829
In base 8, what is 345 + 256?
623
In base 12, what is -5133a + 4?
-51336
In base 14, what is 146 + 16c7?
182d
In base 3, what is -211112022122 + -22?
-211112022221
In base 9, what is 21720 + 23?
21743
In base 9, what is -12640 - -5?
-12634
In base 9, what is -5030 - 187?
-5227
In base 12, what is -8 - 5887?
-5893
In base 9, what is 11 + 34501?
34512
In base 9, what is 211548 - 13?
211535
In base 8, what is -14066 + 12?
-14054
In base 9, what is -5778 - 23?
-5812
In base 4, what is -13123 - 1001?
-20130
In base 16, what is 3 + -21355?
-21352
In base 9, what is 12378 - -232?
12621
In base 15, what is -1 + 4a5?
4a4
In base 3, what is -2 - 100010100?
-100010102
In base 6, what is 2 + -41224?
-41222
In base 4, what is -10 + 20301312?
20301302
In base 12, what is 9082 - 8?
9076
In base 7, what is -4 + 10342?
10335
In base 5, what is -3202423 - -10?
-3202413
In base 2, what is 1101 + 101101010010001?
101101010011110
In base 15, what is -6 - 4a5b?
-4a62
In base 4, what is 3122 - 3022?
100
In base 12, what is 54951 + -2?
5494b
In base 6, what is 41203 + 14?
41221
In base 11, what is -5 - -245071?
245067
In base 8, what is -541 + -1174?
-1735
In base 11, what is 17 + 17593?
175aa
In base 12, what is -10 + 2695?
2685
In base 11, what is 225 - 16?
20a
In base 9, what is -4 + 20267?
20263
In base 12, what is -23a7 - -75?
-2332
In base 9, what is 80 + -84606?
-84516
In base 4, what is -11 - -100230?
100213
In base 4, what is -1032301 + 3301?
-1023000
In base 8, what is -101 - 302?
-403
In base 5, what is -442300321 - -4?
-442300312
In base 6, what is -142301 + 3?
-142254
In base 10, what is -4793 - 17?
-4810
In base 10, what is 68018 - 4?
68014
In base 2, what is 1010 + -11110000100101?
-11110000011011
In base 9, what is 2123 - -5?
2128
In base 10, what is 34 + -569?
-535
In base 8, what is -3 + -16462?
-16465
In base 6, what is 24153 - 133?
24020
In base 9, what is -4 + 861221?
861216
In base 15, what is 244619 + -4?
244615
In base 8, what is -231622 - 4?
-231626
In base 2, what is -101 - -10001111110010?
10001111101101
In base 7, what is -22142022 + 1?
-22142021
In base 6, what is 2 - 2253310?
-2253304
In base 4, what is 10210123 + -1?
10210122
In base 7, what is -4645461 - 5?
-4645466
In base 13, what is -7929 - 2?
-792b
In base 14, what is -5 - ca40?
-ca45
In base 12, what is 17027 - 2?
17025
In base 6, what is 1140321150 - 2?
1140321144
In base 7, what is 21 - -16102?
16123
In base 4, what is 23110 - 10?
23100
In base 15, what is -13d353 - -4?
-13d34e
In base 7, what is 33 - 165?
-132
In base 10, what is 1 - 94693?
-94692
In base 2, what is -11100110110011 - -10?
-11100110110001
In base 6, what is -42211 + 4?
-42203
In base 8, what is -16414 - 26?
-16442
In base 15, what is b4cd - 1e?
b4ae
In base 8, what is 31 + -3444?
-3413
In base 5, what is 44 + 1314?
1413
In base 5, what is -4414 + -11?
-4430
In base 3, what is -2 + 20000121212?
20000121210
In base 12, what is 0 + -1983ab?
-1983ab
In base 10, what is -5 - 29153?
-29158
In base 12, what is -598 + 350?
-248
In base 10, what is -1 - -1767?
1766
In base 13, what is 1b5a - -48b?
2318
In base 3, what is -11 + -122111211?
-122111222
In base 3, what is 0 + -20222101212?
-20222101212
In base 2, what is 1111110101100 - -1111000?
10000000100100
In base 4, what is -110211 + -10?
-110221
In base 10, what is 22448 - -5?
22453
In base 2, what is -10 - -111110000000000?
111101111111110
In base 15, what is -40 + -6428?
-6468
In ba